{"id":37,"date":"2014-05-11T12:39:56","date_gmt":"2014-05-11T10:39:56","guid":{"rendered":"http:\/\/horni-ballonfahrten.ch\/Wordpress\/?page_id=37"},"modified":"2016-04-03T15:27:26","modified_gmt":"2016-04-03T13:27:26","slug":"birsigmuesli","status":"publish","type":"page","link":"https:\/\/horni-ballonfahrten.ch\/?page_id=37","title":{"rendered":"Birsigm\u00fcsli"},"content":{"rendered":"<p style=\"text-align: justify;\">Das Birsigm\u00fcsli ist unser Modellballon mit einer Gr\u00f6sse von 45 m\u00b3. Wir nehmen ihn vor allem mit an Ballonveranstaltungen und erfreuen damit die j\u00fcngeren Besucher.\u00a0Pilotiert wird das Birsigm\u00fcsli mit Stolz und Freude von unserem Sohn Luc Brian Horni. Gebaut wurde die H\u00fclle von unserem Gruppenkollegen Benjamin Senn, welcher diese mit einer grossen Liebe zum Detail gen\u00e4ht hat.<\/p>\n<p style=\"text-align: right;\"><a href=\"http:\/\/horni-ballonfahrten.ch\/?page_id=2106\">(Gallerie)<\/a> <a title=\"Birsigm\u00fcsli\" href=\"http:\/\/horni-ballonfahrten.ch\/?fancy-gallery=birsigmuesli\"><img loading=\"lazy\" decoding=\"async\" class=\"size-large wp-image-211\" src=\"http:\/\/horni-ballonfahrten.ch\/wp-content\/uploads\/2014\/05\/IMG_6309-576x1024.jpg\" alt=\"Modellballon Birsigm\u00fcsli\" width=\"474\" height=\"842\" srcset=\"https:\/\/horni-ballonfahrten.ch\/wp-content\/uploads\/2014\/05\/IMG_6309-576x1024.jpg 576w, https:\/\/horni-ballonfahrten.ch\/wp-content\/uploads\/2014\/05\/IMG_6309.jpg 1584w\" sizes=\"auto, (max-width: 474px) 100vw, 474px\" \/><\/a><\/p>\n<p>Einweihung<\/p>\n","protected":false},"excerpt":{"rendered":"<p>Das Birsigm\u00fcsli ist unser Modellballon mit einer Gr\u00f6sse von 45 m\u00b3. Wir nehmen ihn vor allem mit an Ballonveranstaltungen und erfreuen damit die j\u00fcngeren Besucher.\u00a0Pilotiert wird das Birsigm\u00fcsli mit Stolz und Freude von unserem Sohn Luc Brian Horni. Gebaut wurde die H\u00fclle von unserem Gruppenkollegen Benjamin Senn, welcher diese mit einer grossen Liebe zum Detail &hellip; <a href=\"https:\/\/horni-ballonfahrten.ch\/?page_id=37\" class=\"more-link\"><span class=\"screen-reader-text\">Birsigm\u00fcsli<\/span> weiterlesen <span class=\"meta-nav\">&rarr;<\/span><\/a><\/p>\n","protected":false},"author":1,"featured_media":0,"parent":0,"menu_order":0,"comment_status":"closed","ping_status":"closed","template":"","meta":{"footnotes":""},"class_list":["post-37","page","type-page","status-publish","hentry","gallery-content-unit"],"yoast_head":"<!-- This site is optimized with the Yoast SEO plugin v25.8 - https:\/\/yoast.com\/wordpress\/plugins\/seo\/ -->\n<title>Birsigm\u00fcsli - Horni Ballonfahrten GmbH<\/title>\n<meta name=\"robots\" content=\"index, follow, max-snippet:-1, max-image-preview:large, max-video-preview:-1\" \/>\n<link rel=\"canonical\" href=\"https:\/\/horni-ballonfahrten.ch\/?page_id=37\" \/>\n<meta property=\"og:locale\" content=\"de_DE\" \/>\n<meta property=\"og:type\" content=\"article\" \/>\n<meta property=\"og:title\" content=\"Birsigm\u00fcsli - Horni Ballonfahrten GmbH\" \/>\n<meta property=\"og:description\" content=\"Das Birsigm\u00fcsli ist unser Modellballon mit einer Gr\u00f6sse von 45 m\u00b3. Wir nehmen ihn vor allem mit an Ballonveranstaltungen und erfreuen damit die j\u00fcngeren Besucher.\u00a0Pilotiert wird das Birsigm\u00fcsli mit Stolz und Freude von unserem Sohn Luc Brian Horni. Gebaut wurde die H\u00fclle von unserem Gruppenkollegen Benjamin Senn, welcher diese mit einer grossen Liebe zum Detail &hellip; Birsigm\u00fcsli weiterlesen &rarr;\" \/>\n<meta property=\"og:url\" content=\"https:\/\/horni-ballonfahrten.ch\/?page_id=37\" \/>\n<meta property=\"og:site_name\" content=\"Horni Ballonfahrten GmbH\" \/>\n<meta property=\"article:modified_time\" content=\"2016-04-03T13:27:26+00:00\" \/>\n<meta property=\"og:image\" content=\"http:\/\/horni-ballonfahrten.ch\/wp-content\/uploads\/2014\/05\/IMG_6309-576x1024.jpg\" \/>\n<meta name=\"twitter:card\" content=\"summary_large_image\" \/>\n<script type=\"application\/ld+json\" class=\"yoast-schema-graph\">{\"@context\":\"https:\/\/schema.org\",\"@graph\":[{\"@type\":\"WebPage\",\"@id\":\"https:\/\/horni-ballonfahrten.ch\/?page_id=37\",\"url\":\"https:\/\/horni-ballonfahrten.ch\/?page_id=37\",\"name\":\"Birsigm\u00fcsli - Horni Ballonfahrten GmbH\",\"isPartOf\":{\"@id\":\"https:\/\/horni-ballonfahrten.ch\/#website\"},\"primaryImageOfPage\":{\"@id\":\"https:\/\/horni-ballonfahrten.ch\/?page_id=37#primaryimage\"},\"image\":{\"@id\":\"https:\/\/horni-ballonfahrten.ch\/?page_id=37#primaryimage\"},\"thumbnailUrl\":\"http:\/\/horni-ballonfahrten.ch\/wp-content\/uploads\/2014\/05\/IMG_6309-576x1024.jpg\",\"datePublished\":\"2014-05-11T10:39:56+00:00\",\"dateModified\":\"2016-04-03T13:27:26+00:00\",\"breadcrumb\":{\"@id\":\"https:\/\/horni-ballonfahrten.ch\/?page_id=37#breadcrumb\"},\"inLanguage\":\"de\",\"potentialAction\":[{\"@type\":\"ReadAction\",\"target\":[\"https:\/\/horni-ballonfahrten.ch\/?page_id=37\"]}]},{\"@type\":\"ImageObject\",\"inLanguage\":\"de\",\"@id\":\"https:\/\/horni-ballonfahrten.ch\/?page_id=37#primaryimage\",\"url\":\"http:\/\/horni-ballonfahrten.ch\/wp-content\/uploads\/2014\/05\/IMG_6309-576x1024.jpg\",\"contentUrl\":\"http:\/\/horni-ballonfahrten.ch\/wp-content\/uploads\/2014\/05\/IMG_6309-576x1024.jpg\"},{\"@type\":\"BreadcrumbList\",\"@id\":\"https:\/\/horni-ballonfahrten.ch\/?page_id=37#breadcrumb\",\"itemListElement\":[{\"@type\":\"ListItem\",\"position\":1,\"name\":\"Startseite\",\"item\":\"https:\/\/horni-ballonfahrten.ch\/\"},{\"@type\":\"ListItem\",\"position\":2,\"name\":\"Birsigm\u00fcsli\"}]},{\"@type\":\"WebSite\",\"@id\":\"https:\/\/horni-ballonfahrten.ch\/#website\",\"url\":\"https:\/\/horni-ballonfahrten.ch\/\",\"name\":\"Horni Ballonfahrten GmbH\",\"description\":\"\",\"potentialAction\":[{\"@type\":\"SearchAction\",\"target\":{\"@type\":\"EntryPoint\",\"urlTemplate\":\"https:\/\/horni-ballonfahrten.ch\/?s={search_term_string}\"},\"query-input\":{\"@type\":\"PropertyValueSpecification\",\"valueRequired\":true,\"valueName\":\"search_term_string\"}}],\"inLanguage\":\"de\"}]}<\/script>\n<!-- \/ Yoast SEO plugin. -->","yoast_head_json":{"title":"Birsigm\u00fcsli - Horni Ballonfahrten GmbH","robots":{"index":"index","follow":"follow","max-snippet":"max-snippet:-1","max-image-preview":"max-image-preview:large","max-video-preview":"max-video-preview:-1"},"canonical":"https:\/\/horni-ballonfahrten.ch\/?page_id=37","og_locale":"de_DE","og_type":"article","og_title":"Birsigm\u00fcsli - Horni Ballonfahrten GmbH","og_description":"Das Birsigm\u00fcsli ist unser Modellballon mit einer Gr\u00f6sse von 45 m\u00b3. Wir nehmen ihn vor allem mit an Ballonveranstaltungen und erfreuen damit die j\u00fcngeren Besucher.\u00a0Pilotiert wird das Birsigm\u00fcsli mit Stolz und Freude von unserem Sohn Luc Brian Horni. Gebaut wurde die H\u00fclle von unserem Gruppenkollegen Benjamin Senn, welcher diese mit einer grossen Liebe zum Detail &hellip; Birsigm\u00fcsli weiterlesen &rarr;","og_url":"https:\/\/horni-ballonfahrten.ch\/?page_id=37","og_site_name":"Horni Ballonfahrten GmbH","article_modified_time":"2016-04-03T13:27:26+00:00","og_image":[{"url":"http:\/\/horni-ballonfahrten.ch\/wp-content\/uploads\/2014\/05\/IMG_6309-576x1024.jpg","type":"","width":"","height":""}],"twitter_card":"summary_large_image","schema":{"@context":"https:\/\/schema.org","@graph":[{"@type":"WebPage","@id":"https:\/\/horni-ballonfahrten.ch\/?page_id=37","url":"https:\/\/horni-ballonfahrten.ch\/?page_id=37","name":"Birsigm\u00fcsli - Horni Ballonfahrten GmbH","isPartOf":{"@id":"https:\/\/horni-ballonfahrten.ch\/#website"},"primaryImageOfPage":{"@id":"https:\/\/horni-ballonfahrten.ch\/?page_id=37#primaryimage"},"image":{"@id":"https:\/\/horni-ballonfahrten.ch\/?page_id=37#primaryimage"},"thumbnailUrl":"http:\/\/horni-ballonfahrten.ch\/wp-content\/uploads\/2014\/05\/IMG_6309-576x1024.jpg","datePublished":"2014-05-11T10:39:56+00:00","dateModified":"2016-04-03T13:27:26+00:00","breadcrumb":{"@id":"https:\/\/horni-ballonfahrten.ch\/?page_id=37#breadcrumb"},"inLanguage":"de","potentialAction":[{"@type":"ReadAction","target":["https:\/\/horni-ballonfahrten.ch\/?page_id=37"]}]},{"@type":"ImageObject","inLanguage":"de","@id":"https:\/\/horni-ballonfahrten.ch\/?page_id=37#primaryimage","url":"http:\/\/horni-ballonfahrten.ch\/wp-content\/uploads\/2014\/05\/IMG_6309-576x1024.jpg","contentUrl":"http:\/\/horni-ballonfahrten.ch\/wp-content\/uploads\/2014\/05\/IMG_6309-576x1024.jpg"},{"@type":"BreadcrumbList","@id":"https:\/\/horni-ballonfahrten.ch\/?page_id=37#breadcrumb","itemListElement":[{"@type":"ListItem","position":1,"name":"Startseite","item":"https:\/\/horni-ballonfahrten.ch\/"},{"@type":"ListItem","position":2,"name":"Birsigm\u00fcsli"}]},{"@type":"WebSite","@id":"https:\/\/horni-ballonfahrten.ch\/#website","url":"https:\/\/horni-ballonfahrten.ch\/","name":"Horni Ballonfahrten GmbH","description":"","potentialAction":[{"@type":"SearchAction","target":{"@type":"EntryPoint","urlTemplate":"https:\/\/horni-ballonfahrten.ch\/?s={search_term_string}"},"query-input":{"@type":"PropertyValueSpecification","valueRequired":true,"valueName":"search_term_string"}}],"inLanguage":"de"}]}},"_links":{"self":[{"href":"https:\/\/horni-ballonfahrten.ch\/index.php?rest_route=\/wp\/v2\/pages\/37","targetHints":{"allow":["GET"]}}],"collection":[{"href":"https:\/\/horni-ballonfahrten.ch\/index.php?rest_route=\/wp\/v2\/pages"}],"about":[{"href":"https:\/\/horni-ballonfahrten.ch\/index.php?rest_route=\/wp\/v2\/types\/page"}],"author":[{"embeddable":true,"href":"https:\/\/horni-ballonfahrten.ch\/index.php?rest_route=\/wp\/v2\/users\/1"}],"replies":[{"embeddable":true,"href":"https:\/\/horni-ballonfahrten.ch\/index.php?rest_route=%2Fwp%2Fv2%2Fcomments&post=37"}],"version-history":[{"count":20,"href":"https:\/\/horni-ballonfahrten.ch\/index.php?rest_route=\/wp\/v2\/pages\/37\/revisions"}],"predecessor-version":[{"id":2109,"href":"https:\/\/horni-ballonfahrten.ch\/index.php?rest_route=\/wp\/v2\/pages\/37\/revisions\/2109"}],"wp:attachment":[{"href":"https:\/\/horni-ballonfahrten.ch\/index.php?rest_route=%2Fwp%2Fv2%2Fmedia&parent=37"}],"curies":[{"name":"wp","href":"https:\/\/api.w.org\/{rel}","templated":true}]}}